{"id":28,"date":"2026-01-07T14:56:09","date_gmt":"2026-01-07T14:56:09","guid":{"rendered":"http:\/\/pfcp.fr\/?page_id=28"},"modified":"2026-01-07T16:02:59","modified_gmt":"2026-01-07T16:02:59","slug":"a-propos-contact","status":"publish","type":"page","link":"https:\/\/pfcp.fr\/index.php\/a-propos-contact\/","title":{"rendered":"\u00c0 propos &amp; Contact"},"content":{"rendered":"\n<p><\/p>\n\n\n\n<h3 class=\"wp-block-heading\"> \ud83d\udc64 \u00c0 propos<\/h3>\n\n\n\n<p><strong>PFCP \u2013 Conseil en syst\u00e8mes et logiciels informatiques<\/strong><br>Soci\u00e9t\u00e9 par actions simplifi\u00e9e (SAS) sp\u00e9cialis\u00e9e dans le <strong>management de projets IT, transformation digitale, SaaS &amp; data\u2011driven<\/strong>.<br>Bas\u00e9e en Loire-Atlantique (44), PFCP accompagne les entreprises, \u00e9diteurs et organisations dans la mise en \u0153uvre de leurs strat\u00e9gies IT et op\u00e9rationnelles.<\/p>\n\n\n\n<p><\/p>\n\n\n\n<h3 class=\"wp-block-heading\">\ud83e\udde0 Mission<\/h3>\n\n\n\n<p>Une transformation digitale r\u00e9ussie repose sur une <strong>vision claire, une gouvernance solide et une ex\u00e9cution pragmatique orient\u00e9e r\u00e9sultats<\/strong>.<br>PFCP aide les dirigeants et leurs \u00e9quipes \u00e0 :<\/p>\n\n\n\n<ul class=\"wp-block-list\">\n<li>Structurer et piloter leurs projets IT, SaaS et data<\/li>\n\n\n\n<li>Optimiser l\u2019organisation op\u00e9rationnelle<\/li>\n\n\n\n<li>G\u00e9n\u00e9rer de la valeur concr\u00e8te et mesurable rapidement<\/li>\n<\/ul>\n\n\n\n<p>Mon approche s\u2019adresse particuli\u00e8rement aux <strong>PME, \u00e9diteurs de logiciels, acteurs du retail et autres grands acteurs<\/strong> : pragmatique, orient\u00e9e business et ax\u00e9e sur les r\u00e9sultats.<\/p>\n\n\n\n<p><\/p>\n\n\n\n<h3 class=\"wp-block-heading\">\ud83d\udccd Informations l\u00e9gales<\/h3>\n\n\n\n<p>\ud83d\udcbc <strong>Raison sociale :<\/strong> PFCP<br>\ud83d\udcc7 <strong>Forme juridique :<\/strong> SAS \u2013 Soci\u00e9t\u00e9 par actions simplifi\u00e9e<br>\ud83d\udccd <strong>Si\u00e8ge social :<\/strong> 2 All\u00e9e du Maine, 44190 Gorges (Loire\u2011Atlantique)<br>\ud83d\udcca <strong>Activit\u00e9 principale :<\/strong> Conseil en syst\u00e8mes et logiciels informatiques (Code NAF 6202A)<br>\ud83d\udcc5 <strong>Immatriculation :<\/strong> 1er d\u00e9cembre 2025 \u2013 RCS Nantes<br>\ud83d\udcc8 <strong>SIREN :<\/strong> 994\u202f855\u202f625<br>\ud83d\udccc <strong>SIRET (si\u00e8ge) :<\/strong> 994\u202f855\u202f625\u202f00012<br>\ud83d\udcdc <strong>Num\u00e9ro de TVA intracommunautaire :<\/strong> FR77994855625<\/p>\n\n\n\n<p><\/p>\n\n\n\n<h3 class=\"wp-block-heading\">\ud83d\udce9 Contact<\/h3>\n\n\n\n<p>\ud83d\udc49 <strong>Email :<\/strong> <a href=\"mailto:contact@pfcp.fr\" data-type=\"link\" data-id=\"contact@pfcp.fr\">contact@pfcp.fr<\/a><br>\ud83d\udc49 <strong>LinkedIn :<\/strong> <a href=\"https:\/\/www.linkedin.com\/company\/pfcp\" target=\"_blank\" rel=\"noreferrer noopener\">PFCP<\/a> &#8211; <a href=\"https:\/\/www.linkedin.com\/in\/pierre-cellard-a0ba34b\/\" target=\"_blank\" rel=\"noreferrer noopener\">Pierre Cellard<\/a><\/p>\n\n\n\n<p><\/p>\n\n\n\n<p><\/p>\n\n\n\n<p><\/p>\n","protected":false},"excerpt":{"rendered":"<p>\ud83d\udc64 \u00c0 propos PFCP \u2013 Conseil en syst\u00e8mes et logiciels informatiquesSoci\u00e9t\u00e9 par actions simplifi\u00e9e (SAS) sp\u00e9cialis\u00e9e dans le management de projets IT, transformation digitale, SaaS &amp; data\u2011driven.Bas\u00e9e en Loire-Atlantique (44), PFCP accompagne les entreprises, \u00e9diteurs et organisations dans la mise en \u0153uvre de leurs strat\u00e9gies IT et op\u00e9rationnelles. \ud83e\udde0 Mission Une transformation digitale r\u00e9ussie repose&hellip;&nbsp;<a href=\"https:\/\/pfcp.fr\/index.php\/a-propos-contact\/\" rel=\"bookmark\"><span class=\"screen-reader-text\">\u00c0 propos &amp; Contact<\/span><\/a><\/p>\n","protected":false},"author":1,"featured_media":44,"parent":0,"menu_order":999,"comment_status":"closed","ping_status":"closed","template":"","meta":{"neve_meta_sidebar":"","neve_meta_container":"","neve_meta_enable_content_width":"","neve_meta_content_width":0,"neve_meta_title_alignment":"","neve_meta_author_avatar":"","neve_post_elements_order":"","neve_meta_disable_header":"","neve_meta_disable_footer":"","neve_meta_disable_title":"","footnotes":""},"class_list":["post-28","page","type-page","status-publish","has-post-thumbnail","hentry"],"_links":{"self":[{"href":"https:\/\/pfcp.fr\/index.php\/wp-json\/wp\/v2\/pages\/28","targetHints":{"allow":["GET"]}}],"collection":[{"href":"https:\/\/pfcp.fr\/index.php\/wp-json\/wp\/v2\/pages"}],"about":[{"href":"https:\/\/pfcp.fr\/index.php\/wp-json\/wp\/v2\/types\/page"}],"author":[{"embeddable":true,"href":"https:\/\/pfcp.fr\/index.php\/wp-json\/wp\/v2\/users\/1"}],"replies":[{"embeddable":true,"href":"https:\/\/pfcp.fr\/index.php\/wp-json\/wp\/v2\/comments?post=28"}],"version-history":[{"count":5,"href":"https:\/\/pfcp.fr\/index.php\/wp-json\/wp\/v2\/pages\/28\/revisions"}],"predecessor-version":[{"id":52,"href":"https:\/\/pfcp.fr\/index.php\/wp-json\/wp\/v2\/pages\/28\/revisions\/52"}],"wp:featuredmedia":[{"embeddable":true,"href":"https:\/\/pfcp.fr\/index.php\/wp-json\/wp\/v2\/media\/44"}],"wp:attachment":[{"href":"https:\/\/pfcp.fr\/index.php\/wp-json\/wp\/v2\/media?parent=28"}],"curies":[{"name":"wp","href":"https:\/\/api.w.org\/{rel}","templated":true}]}}